{"id":3565,"date":"2024-01-04T16:53:13","date_gmt":"2024-01-04T21:53:13","guid":{"rendered":"http:\/\/renafipse.ec\/?page_id=3565"},"modified":"2024-01-16T15:55:20","modified_gmt":"2024-01-16T20:55:20","slug":"contacto-2-2","status":"publish","type":"page","link":"http:\/\/renafipse.ec\/?page_id=3565","title":{"rendered":"Afiliaci\u00f3n"},"content":{"rendered":"\t\t<div data-elementor-type=\"wp-page\" data-elementor-id=\"3565\" class=\"elementor elementor-3565\">\n\t\t\t\t\t\t\t<div class=\"elementor-element elementor-element-797f575 e-con-full e-flex e-con\" data-id=\"797f575\" data-element_type=\"container\" data-settings=\"{&quot;content_width&quot;:&quot;full&quot;,&quot;background_background&quot;:&quot;classic&quot;}\">\n\t\t<div class=\"elementor-element elementor-element-a2322fc e-con-full e-flex e-con\" data-id=\"a2322fc\" data-element_type=\"container\" data-settings=\"{&quot;content_width&quot;:&quot;full&quot;}\">\n\t\t\t\t<\/div>\n\t\t<div class=\"elementor-element elementor-element-06400fb e-con-full e-flex e-con\" data-id=\"06400fb\" data-element_type=\"container\" data-settings=\"{&quot;content_width&quot;:&quot;full&quot;}\">\n\t\t\t\t<\/div>\n\t\t\t\t<\/div>\n\t\t\t\t<section class=\"elementor-section elementor-top-section elementor-element elementor-element-0daae46 elementor-section-boxed elementor-section-height-default elementor-section-height-default\" data-id=\"0daae46\" data-element_type=\"section\" data-settings=\"{&quot;background_background&quot;:&quot;classic&quot;}\">\n\t\t\t\t\t\t<div class=\"elementor-container elementor-column-gap-default\">\n\t\t\t\t\t<div class=\"elementor-column elementor-col-100 elementor-top-column elementor-element elementor-element-bd6606b\" data-id=\"bd6606b\" data-element_type=\"column\" data-settings=\"{&quot;background_background&quot;:&quot;classic&quot;}\">\n\t\t\t<div class=\"elementor-widget-wrap elementor-element-populated\">\n\t\t\t\t\t\t\t\t<div class=\"elementor-element elementor-element-d52786b elementor-widget elementor-widget-heading\" data-id=\"d52786b\" data-element_type=\"widget\" data-widget_type=\"heading.default\">\n\t\t\t\t<div class=\"elementor-widget-container\">\n\t\t\t<style>\/*! elementor - v3.14.0 - 18-06-2023 *\/\n.elementor-heading-title{padding:0;margin:0;line-height:1}.elementor-widget-heading .elementor-heading-title[class*=elementor-size-]>a{color:inherit;font-size:inherit;line-height:inherit}.elementor-widget-heading .elementor-heading-title.elementor-size-small{font-size:15px}.elementor-widget-heading .elementor-heading-title.elementor-size-medium{font-size:19px}.elementor-widget-heading .elementor-heading-title.elementor-size-large{font-size:29px}.elementor-widget-heading .elementor-heading-title.elementor-size-xl{font-size:39px}.elementor-widget-heading .elementor-heading-title.elementor-size-xxl{font-size:59px}<\/style><h3 class=\"elementor-heading-title elementor-size-large\">REQUISITOS DE AFILIACI\u00d3N<\/h3>\t\t<\/div>\n\t\t\t\t<\/div>\n\t\t\t\t<div class=\"elementor-element elementor-element-d416586 elementor-align-left elementor-widget__width-initial elementor-icon-list--layout-traditional elementor-list-item-link-full_width elementor-widget elementor-widget-icon-list\" data-id=\"d416586\" data-element_type=\"widget\" data-widget_type=\"icon-list.default\">\n\t\t\t\t<div class=\"elementor-widget-container\">\n\t\t\t<link rel=\"stylesheet\" href=\"http:\/\/renafipse.ec\/wp-content\/plugins\/elementor\/assets\/css\/widget-icon-list.min.css\">\t\t<ul class=\"elementor-icon-list-items\">\n\t\t\t\t\t\t\t<li class=\"elementor-icon-list-item\">\n\t\t\t\t\t\t\t\t\t\t\t<span class=\"elementor-icon-list-icon\">\n\t\t\t\t\t\t\t<svg xmlns=\"http:\/\/www.w3.org\/2000\/svg\" xmlns:xlink=\"http:\/\/www.w3.org\/1999\/xlink\" id=\"Layer_1\" x=\"0px\" y=\"0px\" viewBox=\"0 0 74.92 59.99\" style=\"enable-background:new 0 0 74.92 59.99;\" xml:space=\"preserve\"><path style=\"fill:#174A77;\" d=\"M74.92,1.106L31.195,58.95l0,0c-0.928,1.163-2.322,1.394-3.485,0.466 c-0.234-0.231-0.234-0.231-0.469-0.466L0.103,23.186c-0.232-0.231,0-0.462,0-0.462c0.231-0.231,0.463,0,0.463,0l28.335,20.644l0,0 L73.759,0.175c0.231-0.234,0.697-0.234,0.928,0C74.92,0.405,74.92,0.871,74.92,1.106z\"><\/path><\/svg>\t\t\t\t\t\t<\/span>\n\t\t\t\t\t\t\t\t\t\t<span class=\"elementor-icon-list-text\">Solicitud por escrito manifestando la intenci\u00f3n de ingresar a la RENAFIPSE, dirigido a presidencia. ( Eco. Diego Cobos ) <\/span>\n\t\t\t\t\t\t\t\t\t<\/li>\n\t\t\t\t\t\t\t\t<li class=\"elementor-icon-list-item\">\n\t\t\t\t\t\t\t\t\t\t\t<span class=\"elementor-icon-list-icon\">\n\t\t\t\t\t\t\t<svg xmlns=\"http:\/\/www.w3.org\/2000\/svg\" xmlns:xlink=\"http:\/\/www.w3.org\/1999\/xlink\" id=\"Layer_1\" x=\"0px\" y=\"0px\" viewBox=\"0 0 74.92 59.99\" style=\"enable-background:new 0 0 74.92 59.99;\" xml:space=\"preserve\"><path style=\"fill:#174A77;\" d=\"M74.92,1.106L31.195,58.95l0,0c-0.928,1.163-2.322,1.394-3.485,0.466 c-0.234-0.231-0.234-0.231-0.469-0.466L0.103,23.186c-0.232-0.231,0-0.462,0-0.462c0.231-0.231,0.463,0,0.463,0l28.335,20.644l0,0 L73.759,0.175c0.231-0.234,0.697-0.234,0.928,0C74.92,0.405,74.92,0.871,74.92,1.106z\"><\/path><\/svg>\t\t\t\t\t\t<\/span>\n\t\t\t\t\t\t\t\t\t\t<span class=\"elementor-icon-list-text\">Copia del Registro de la Directiva actual. <\/span>\n\t\t\t\t\t\t\t\t\t<\/li>\n\t\t\t\t\t\t\t\t<li class=\"elementor-icon-list-item\">\n\t\t\t\t\t\t\t\t\t\t\t<span class=\"elementor-icon-list-icon\">\n\t\t\t\t\t\t\t<svg xmlns=\"http:\/\/www.w3.org\/2000\/svg\" xmlns:xlink=\"http:\/\/www.w3.org\/1999\/xlink\" id=\"Layer_1\" x=\"0px\" y=\"0px\" viewBox=\"0 0 74.92 59.99\" style=\"enable-background:new 0 0 74.92 59.99;\" xml:space=\"preserve\"><path style=\"fill:#174A77;\" d=\"M74.92,1.106L31.195,58.95l0,0c-0.928,1.163-2.322,1.394-3.485,0.466 c-0.234-0.231-0.234-0.231-0.469-0.466L0.103,23.186c-0.232-0.231,0-0.462,0-0.462c0.231-0.231,0.463,0,0.463,0l28.335,20.644l0,0 L73.759,0.175c0.231-0.234,0.697-0.234,0.928,0C74.92,0.405,74.92,0.871,74.92,1.106z\"><\/path><\/svg>\t\t\t\t\t\t<\/span>\n\t\t\t\t\t\t\t\t\t\t<span class=\"elementor-icon-list-text\">Copia del nombramiento vigente del representante legal. <\/span>\n\t\t\t\t\t\t\t\t\t<\/li>\n\t\t\t\t\t\t\t\t<li class=\"elementor-icon-list-item\">\n\t\t\t\t\t\t\t\t\t\t\t<span class=\"elementor-icon-list-icon\">\n\t\t\t\t\t\t\t<svg xmlns=\"http:\/\/www.w3.org\/2000\/svg\" xmlns:xlink=\"http:\/\/www.w3.org\/1999\/xlink\" id=\"Layer_1\" x=\"0px\" y=\"0px\" viewBox=\"0 0 74.92 59.99\" style=\"enable-background:new 0 0 74.92 59.99;\" xml:space=\"preserve\"><path style=\"fill:#174A77;\" d=\"M74.92,1.106L31.195,58.95l0,0c-0.928,1.163-2.322,1.394-3.485,0.466 c-0.234-0.231-0.234-0.231-0.469-0.466L0.103,23.186c-0.232-0.231,0-0.462,0-0.462c0.231-0.231,0.463,0,0.463,0l28.335,20.644l0,0 L73.759,0.175c0.231-0.234,0.697-0.234,0.928,0C74.92,0.405,74.92,0.871,74.92,1.106z\"><\/path><\/svg>\t\t\t\t\t\t<\/span>\n\t\t\t\t\t\t\t\t\t\t<span class=\"elementor-icon-list-text\">Copia del estatuto vigente. <\/span>\n\t\t\t\t\t\t\t\t\t<\/li>\n\t\t\t\t\t\t\t\t<li class=\"elementor-icon-list-item\">\n\t\t\t\t\t\t\t\t\t\t\t<span class=\"elementor-icon-list-icon\">\n\t\t\t\t\t\t\t<svg xmlns=\"http:\/\/www.w3.org\/2000\/svg\" xmlns:xlink=\"http:\/\/www.w3.org\/1999\/xlink\" id=\"Layer_1\" x=\"0px\" y=\"0px\" viewBox=\"0 0 74.92 59.99\" style=\"enable-background:new 0 0 74.92 59.99;\" xml:space=\"preserve\"><path style=\"fill:#174A77;\" d=\"M74.92,1.106L31.195,58.95l0,0c-0.928,1.163-2.322,1.394-3.485,0.466 c-0.234-0.231-0.234-0.231-0.469-0.466L0.103,23.186c-0.232-0.231,0-0.462,0-0.462c0.231-0.231,0.463,0,0.463,0l28.335,20.644l0,0 L73.759,0.175c0.231-0.234,0.697-0.234,0.928,0C74.92,0.405,74.92,0.871,74.92,1.106z\"><\/path><\/svg>\t\t\t\t\t\t<\/span>\n\t\t\t\t\t\t\t\t\t\t<span class=\"elementor-icon-list-text\">Copia de la c\u00e9dula de identidad y certificado de votaci\u00f3n del representante legal y de 5 directivos de la organizaci\u00f3n.<\/span>\n\t\t\t\t\t\t\t\t\t<\/li>\n\t\t\t\t\t\t\t\t<li class=\"elementor-icon-list-item\">\n\t\t\t\t\t\t\t\t\t\t\t<span class=\"elementor-icon-list-icon\">\n\t\t\t\t\t\t\t<svg xmlns=\"http:\/\/www.w3.org\/2000\/svg\" xmlns:xlink=\"http:\/\/www.w3.org\/1999\/xlink\" id=\"Layer_1\" x=\"0px\" y=\"0px\" viewBox=\"0 0 74.92 59.99\" style=\"enable-background:new 0 0 74.92 59.99;\" xml:space=\"preserve\"><path style=\"fill:#174A77;\" d=\"M74.92,1.106L31.195,58.95l0,0c-0.928,1.163-2.322,1.394-3.485,0.466 c-0.234-0.231-0.234-0.231-0.469-0.466L0.103,23.186c-0.232-0.231,0-0.462,0-0.462c0.231-0.231,0.463,0,0.463,0l28.335,20.644l0,0 L73.759,0.175c0.231-0.234,0.697-0.234,0.928,0C74.92,0.405,74.92,0.871,74.92,1.106z\"><\/path><\/svg>\t\t\t\t\t\t<\/span>\n\t\t\t\t\t\t\t\t\t\t<span class=\"elementor-icon-list-text\">Copia de la acta del Consejo de Administraci\u00f3n, donde se establezca la intenci\u00f3n de afiliarse a la RENAFIPSE, certificada por la Secretar\u00eda. <\/span>\n\t\t\t\t\t\t\t\t\t<\/li>\n\t\t\t\t\t\t\t\t<li class=\"elementor-icon-list-item\">\n\t\t\t\t\t\t\t\t\t\t\t<span class=\"elementor-icon-list-icon\">\n\t\t\t\t\t\t\t<svg xmlns=\"http:\/\/www.w3.org\/2000\/svg\" xmlns:xlink=\"http:\/\/www.w3.org\/1999\/xlink\" id=\"Layer_1\" x=\"0px\" y=\"0px\" viewBox=\"0 0 74.92 59.99\" style=\"enable-background:new 0 0 74.92 59.99;\" xml:space=\"preserve\"><path style=\"fill:#174A77;\" d=\"M74.92,1.106L31.195,58.95l0,0c-0.928,1.163-2.322,1.394-3.485,0.466 c-0.234-0.231-0.234-0.231-0.469-0.466L0.103,23.186c-0.232-0.231,0-0.462,0-0.462c0.231-0.231,0.463,0,0.463,0l28.335,20.644l0,0 L73.759,0.175c0.231-0.234,0.697-0.234,0.928,0C74.92,0.405,74.92,0.871,74.92,1.106z\"><\/path><\/svg>\t\t\t\t\t\t<\/span>\n\t\t\t\t\t\t\t\t\t\t<span class=\"elementor-icon-list-text\">Copia actualizada del Ruc. <\/span>\n\t\t\t\t\t\t\t\t\t<\/li>\n\t\t\t\t\t\t\t\t<li class=\"elementor-icon-list-item\">\n\t\t\t\t\t\t\t\t\t\t\t<span class=\"elementor-icon-list-icon\">\n\t\t\t\t\t\t\t<svg xmlns=\"http:\/\/www.w3.org\/2000\/svg\" xmlns:xlink=\"http:\/\/www.w3.org\/1999\/xlink\" id=\"Layer_1\" x=\"0px\" y=\"0px\" viewBox=\"0 0 74.92 59.99\" style=\"enable-background:new 0 0 74.92 59.99;\" xml:space=\"preserve\"><path style=\"fill:#174A77;\" d=\"M74.92,1.106L31.195,58.95l0,0c-0.928,1.163-2.322,1.394-3.485,0.466 c-0.234-0.231-0.234-0.231-0.469-0.466L0.103,23.186c-0.232-0.231,0-0.462,0-0.462c0.231-0.231,0.463,0,0.463,0l28.335,20.644l0,0 L73.759,0.175c0.231-0.234,0.697-0.234,0.928,0C74.92,0.405,74.92,0.871,74.92,1.106z\"><\/path><\/svg>\t\t\t\t\t\t<\/span>\n\t\t\t\t\t\t\t\t\t\t<span class=\"elementor-icon-list-text\">Suscribir el n\u00famero certificados de aportaci\u00f3n con un valor nominal de MIL DOLARES ($1.000) C\/U, de acuerdo a la siguiente tabla:<\/span>\n\t\t\t\t\t\t\t\t\t<\/li>\n\t\t\t\t\t\t<\/ul>\n\t\t\t\t<\/div>\n\t\t\t\t<\/div>\n\t\t\t\t<div class=\"elementor-element elementor-element-672e5a1 elementor-widget elementor-widget-spacer\" data-id=\"672e5a1\" data-element_type=\"widget\" data-widget_type=\"spacer.default\">\n\t\t\t\t<div class=\"elementor-widget-container\">\n\t\t\t<style>\/*! elementor - v3.14.0 - 18-06-2023 *\/\n.elementor-column .elementor-spacer-inner{height:var(--spacer-size)}.e-con{--container-widget-width:100%}.e-con-inner>.elementor-widget-spacer,.e-con>.elementor-widget-spacer{width:var(--container-widget-width,var(--spacer-size));--align-self:var(--container-widget-align-self,initial);--flex-shrink:0}.e-con-inner>.elementor-widget-spacer>.elementor-widget-container,.e-con-inner>.elementor-widget-spacer>.elementor-widget-container>.elementor-spacer,.e-con>.elementor-widget-spacer>.elementor-widget-container,.e-con>.elementor-widget-spacer>.elementor-widget-container>.elementor-spacer{height:100%}.e-con-inner>.elementor-widget-spacer>.elementor-widget-container>.elementor-spacer>.elementor-spacer-inner,.e-con>.elementor-widget-spacer>.elementor-widget-container>.elementor-spacer>.elementor-spacer-inner{height:var(--container-widget-height,var(--spacer-size))}<\/style>\t\t<div class=\"elementor-spacer\">\n\t\t\t<div class=\"elementor-spacer-inner\"><\/div>\n\t\t<\/div>\n\t\t\t\t<\/div>\n\t\t\t\t<\/div>\n\t\t\t\t<div class=\"elementor-element elementor-element-ada9093 elementor-widget elementor-widget-image\" data-id=\"ada9093\" data-element_type=\"widget\" data-widget_type=\"image.default\">\n\t\t\t\t<div class=\"elementor-widget-container\">\n\t\t\t<style>\/*! elementor - v3.14.0 - 18-06-2023 *\/\n.elementor-widget-image{text-align:center}.elementor-widget-image a{display:inline-block}.elementor-widget-image a img[src$=\".svg\"]{width:48px}.elementor-widget-image img{vertical-align:middle;display:inline-block}<\/style>\t\t\t\t\t\t\t\t\t\t\t\t<img decoding=\"async\" width=\"409\" height=\"205\" src=\"http:\/\/renafipse.ec\/wp-content\/uploads\/2024\/01\/TABLA.png\" class=\"attachment-large size-large wp-image-3721\" alt=\"\" loading=\"lazy\" srcset=\"http:\/\/renafipse.ec\/wp-content\/uploads\/2024\/01\/TABLA.png 409w, http:\/\/renafipse.ec\/wp-content\/uploads\/2024\/01\/TABLA-300x150.png 300w\" sizes=\"(max-width: 409px) 100vw, 409px\" \/>\t\t\t\t\t\t\t\t\t\t\t\t\t\t\t<\/div>\n\t\t\t\t<\/div>\n\t\t\t\t<div class=\"elementor-element elementor-element-cb855c0 elementor-align-center elementor-widget elementor-widget-button\" data-id=\"cb855c0\" data-element_type=\"widget\" data-widget_type=\"button.default\">\n\t\t\t\t<div class=\"elementor-widget-container\">\n\t\t\t\t\t<div class=\"elementor-button-wrapper\">\n\t\t\t<a class=\"elementor-button elementor-button-link elementor-size-sm\" href=\"https:\/\/api.whatsapp.com\/send?phone=+593983407303&#038;text=Necesito%20m%C3%A1s%20informaci%C3%B3n%C2%A0sobre%20el%20proceso%20de%20afiliaci%C3%B3n!!\" target=\"_blank\">\n\t\t\t\t\t\t<span class=\"elementor-button-content-wrapper\">\n\t\t\t\t\t\t<span class=\"elementor-button-text\">Saber Mas<\/span>\n\t\t<\/span>\n\t\t\t\t\t<\/a>\n\t\t<\/div>\n\t\t\t\t<\/div>\n\t\t\t\t<\/div>\n\t\t\t\t<div class=\"elementor-element elementor-element-50f4758 elementor-widget elementor-widget-spacer\" data-id=\"50f4758\" data-element_type=\"widget\" data-widget_type=\"spacer.default\">\n\t\t\t\t<div class=\"elementor-widget-container\">\n\t\t\t\t\t<div class=\"elementor-spacer\">\n\t\t\t<div class=\"elementor-spacer-inner\"><\/div>\n\t\t<\/div>\n\t\t\t\t<\/div>\n\t\t\t\t<\/div>\n\t\t\t\t\t<\/div>\n\t\t<\/div>\n\t\t\t\t\t\t\t<\/div>\n\t\t<\/section>\n\t\t\t\t\t\t\t<\/div>\n\t\t","protected":false},"excerpt":{"rendered":"<p>REQUISITOS DE AFILIACI\u00d3N Solicitud por escrito manifestando la intenci\u00f3n de ingresar a la RENAFIPSE, dirigido a presidencia. ( Eco. Diego Cobos ) Copia del Registro de la Directiva actual. Copia del nombramiento vigente del representante legal. Copia del estatuto vigente. Copia de la c\u00e9dula de identidad y certificado de votaci\u00f3n del representante legal y de &hellip;<\/p>\n<p class=\"read-more\"> <a class=\"\" href=\"http:\/\/renafipse.ec\/?page_id=3565\"> <span class=\"screen-reader-text\">Afiliaci\u00f3n<\/span> Leer m\u00e1s &raquo;<\/a><\/p>\n","protected":false},"author":1,"featured_media":0,"parent":0,"menu_order":0,"comment_status":"closed","ping_status":"closed","template":"","meta":{"site-sidebar-layout":"default","site-content-layout":"default","ast-global-header-display":"","ast-banner-title-visibility":"","ast-main-header-display":"","ast-hfb-above-header-display":"","ast-hfb-below-header-display":"","ast-hfb-mobile-header-display":"","site-post-title":"","ast-breadcrumbs-content":"","ast-featured-img":"","footer-sml-layout":"","theme-transparent-header-meta":"","adv-header-id-meta":"","stick-header-meta":"","header-above-stick-meta":"","header-main-stick-meta":"","header-below-stick-meta":""},"aioseo_notices":[],"_links":{"self":[{"href":"http:\/\/renafipse.ec\/index.php?rest_route=\/wp\/v2\/pages\/3565"}],"collection":[{"href":"http:\/\/renafipse.ec\/index.php?rest_route=\/wp\/v2\/pages"}],"about":[{"href":"http:\/\/renafipse.ec\/index.php?rest_route=\/wp\/v2\/types\/page"}],"author":[{"embeddable":true,"href":"http:\/\/renafipse.ec\/index.php?rest_route=\/wp\/v2\/users\/1"}],"replies":[{"embeddable":true,"href":"http:\/\/renafipse.ec\/index.php?rest_route=%2Fwp%2Fv2%2Fcomments&post=3565"}],"version-history":[{"count":130,"href":"http:\/\/renafipse.ec\/index.php?rest_route=\/wp\/v2\/pages\/3565\/revisions"}],"predecessor-version":[{"id":5925,"href":"http:\/\/renafipse.ec\/index.php?rest_route=\/wp\/v2\/pages\/3565\/revisions\/5925"}],"wp:attachment":[{"href":"http:\/\/renafipse.ec\/index.php?rest_route=%2Fwp%2Fv2%2Fmedia&parent=3565"}],"curies":[{"name":"wp","href":"https:\/\/api.w.org\/{rel}","templated":true}]}}